*l - 14. Let b = 13 + l. Is b a multiple of 4?
True
Let k(x) = 9*x - 7. Let l = 1 + 2. Is 20 a factor of k(l)?
True
Suppose a = -s + 55, -s + 4*a + 98 = s. Is 16 a factor of s?
False
Let a be (-4)/((-2)/(-2*1)). Let k be 1 - (2 - a/(-2)). Is 2 + ((-18)/(-2))/k a multiple of 5?
False
Let o be (-68)/16 + (-1)/(-4). Suppose -3*q - 3*p - 10 = p, 0 = -3*q - 5*p - 11. Is (q/o)/((-4)/(-304)) a multiple of 19?
True
Let n = 4 + -3. Is n*(16 + (3 - 2)) a multiple of 10?
False
Let g(m) = 2*m - 5. Let r be g(10). Suppose -5*z - 4*y - 11 = -50, 18 = 2*z + 4*y. Suppose r = 2*q - z. Does 5 divide q?
False
Suppose -3*k - 4*z = -39, -4*k - 2*z + 7*z = -21. Suppose -2*d - b + 5 = -9, -5*d = -4*b - k. Is 5 a factor of d?
True
Let g = -10 - -11. Is 11 a factor of (2 - g/1) + 10?
True
Let m(b) be the third derivative of -1/24*b**4 + 0 + 1/60*b**5 - 3*b**2 + 0*b - 1/6*b**3. Is m(-2) a multiple of 2?
False
Let v be (-2 + 1)/(3/198). Let q = v + 105. Is q a multiple of 14?
False
Suppose -3*l = -4*g + 73, -5*g + 5*l + 79 = -g. Is 16 a factor of g?
True
Let c = 2 - 3. Let x be -2 - (1 + -2 - c). Let b(d) = -4*d - 3. Is b(x) a multiple of 4?
False
Suppose 7*r - 4*r = 132. Is 8 a factor of r?
False
Let j(x) = -4*x**3 - 3*x**2 + x - 1. Is 26 a factor of j(-3)?
False
Let m be 2/(-5) - 399/(-35). Suppose q - m - 9 = 0. Is q a multiple of 10?
True
Let v = 8 + -3. Let h(w) = w - 7. Let a be h(9). Let o = v - a. Is 2 a factor of o?
False
Suppose 6*j - 4*j = -24. Let l = j - -22. Is 3 a factor of l?
False
Let r be (-3290)/(-42) - 4/(-6). Let f = r + -54. Is f a multiple of 16?
False
Suppose 2*u - 168 = -4*u. Is 10 a factor of u?
False
Suppose 4*f - n = 89, n + 4*n = 4*f - 109. Does 7 divide f?
True
Let g(a) = 3*a - 3. Let n be g(-4). Does 11 divide (n/10)/(3/(-40))?
False
Let v = 4 - 4. Suppose v = 3*f + 1 - 10. Suppose -d + 4*s = -6, -2*s = -d + f*s + 3. Is d a multiple of 7?
False
Let m be 7 + -3 + 2 - 1. Suppose -3*b - 32 = -v, 5*b + 100 = m*v - v. Is v a multiple of 10?
True
Let a(f) = -f**2 - 10*f - 8. Suppose -5*x + 2*x - 18 = 0. Is 16 a factor of a(x)?
True
Let w = -23 + 39. Suppose -20 = 13*r + 71. Let f = r + w. Does 9 divide f?
True
Let u(o) = -o**2 - 7*o - 9. Let j be u(-4). Suppose j*a = 4*a - 7. Does 3 divide a?
False
Let l(c) = 2*c**3 - 2*c**2 - 13*c - 8. Is l(5) a multiple of 5?
False
Let w = -40 + 70. Let x = w - 19. Is x a multiple of 7?
False
Is 30/((-375)/130 - -3) a multiple of 13?
True
Suppose 2*p = 2*y + 122, -p + 246 = 3*p - 3*y. Is p a multiple of 9?
True
Suppose -5*d + 55 = -5*r, 0*d - 3*r = -d + 9. Is 6 a factor of d?
True
Suppose 0 = 2*p - 3*y + 5, 0 = -3*p - 3*y - y + 35. Suppose n = -4*b + 2, 0 = 5*b + 3*n + p - 4. Does 15 divide b/(((-2)/(-43))/2)?
False
Let b = 16 - 11. Suppose 0 = 4*j + 4*q - 108, 3*j + 60 = b*j - 4*q. Is 12 a factor of j?
False
Suppose -10 = -3*w + 119. Is w a multiple of 43?
True
Let z(g) = g**2 - 5*g + 2. Let r = 51 - 86. Let p be 10/r + (-44)/(-7). Is 8 a factor of z(p)?
True
Let d(u) = 11*u**2 + 23*u + 2. Let q(p) = 7*p**2 + 15*p + 1. Let t(h) = 5*d(h) - 8*q(h). Let n(k) be the first derivative of t(k). Is n(-10) a multiple of 7?
False
Suppose -25 = 5*f - 10*f. Let m(q) = -2 - 5*q + f - 5 + 1 + 4*q**2. Does 20 divide m(4)?
False
Let d(m) = m - 5. Let g be d(5). Suppose -3*k + 3 = -g*k. Is 14 a factor of k/3 + 82/6?
True
Let g(u) = -3*u - 1. Let x be g(-1). Let c(j) be the first derivative of j**3 - j**2 + 2*j - 4. Is 10 a factor of c(x)?
True
Let i = 1 - -2. Suppose -4*l = -3*o + l - 300, i*o = -l - 318. Does 14 divide 1/(1 + 102/o)?
False
Suppose -y = -2*y - 12. Let k(u) = 3*u**2 - u + 1. Let j be k(-4). Let s = y + j. Is 20 a factor of s?
False
Suppose -m - 6 + 4 = 0. Let p = m + 4. Suppose -2 = t - 3*t, 2*u - 26 = p*t. Is u a multiple of 14?
True
Suppose -7*f + 0*f + 70 = 0. Is 5 a factor of f?
True
Let m = -1 - -2. Let p(n) be the first derivative of 4*n**4 - n**3/3 + n**2/2 - n - 5. Is p(m) a multiple of 12?
False
Let g be 1 + 68 + -2 + 1. Suppose 0 = -n + 3*n - g. Is n a multiple of 14?
False
Let c = -106 + 152. Let a be (-136)/6*(-6)/2. Let n = a - c. Is 9 a factor of n?
False
Suppose p + z = 7, 3*z - 17 = -2*p - 2*z. Let q = p - 9. Let d(b) = b**3 + 4*b**2 - 1. Is 8 a factor of d(q)?
True
Suppose 4*w + 13 = 177. Is 8 a factor of w?
False
Suppose 0 = 5*x - 3*x - 192. Suppose -n - 2*n = -x. Suppose 4*d - 6*d + n = 0. Does 8 divide d?
True
Suppose -7*i + 2*i + 50 = 0. Does 5 divide i?
True
Let f(z) = -z**3 - 5*z - 2. Let q(r) = -r**2 - 10*r - 11. Let h be q(-9). Let k be ((-1)/h)/((-2)/12). Is 16 a factor of f(k)?
False
Is (6/5)/(6/380) a multiple of 19?
True
Suppose 284 = 4*t - 508. Does 18 divide t?
True
Suppose 0 = -3*p - 5*l + 11, -3*l + 7 = 2*p + 1. Let g(x) = 20*x**2 - x. Let s be g(1). Let v = s + p. Does 13 divide v?
False
Let b(z) = z**3 + 10*z**2 + 11*z + 3. Let f be b(-9). Let k = 27 + f. Is k a multiple of 12?
True
Let c(r) = -r + 1. Let b be c(7). Let v be 7/(-42) + 89/b. Is (v/(-6) + -2)*16 a multiple of 8?
True
Let h(i) = 11*i - 10. Does 12 divide h(22)?
False
Suppose 7 = -p - 2*z, z + 3 = -p - 4. Let s = 37 + p. Is s a multiple of 10?
True
Suppose -2*b - b = -5*n + 780, 4*n = -4*b + 592. Does 18 divide n?
False
Suppose h - 257 = -3*u, 340 = 4*u + h + h. Is 28 a factor of u?
False
Let k = -3 - -18. Does 4 divide k?
False
Let k(t) = -t**3 + 6*t**2 - 6*t + 3. Let y be k(4). Let x(m) = -m**3 + 11*m**2 + 2*m - 16. Does 2 divide x(y)?
True
Let q(a) = 0*a - 3 + a**2 + 2*a - 5*a**2 + a**3. Does 5 divide q(4)?
True
Suppose -3 = z - 0. Let l(o) = -9*o - 1. Let g(w) = -9*w - 2. Let c(r) = z*g(r) + 4*l(r). Does 23 divide c(-5)?
False
Let h be 20/12 + (-3)/(-9). Suppose 0 = 2*i - 3*g - 52, 4*i - 64 - 8 = -h*g. Is 10 a factor of i?
True
Let o(w) be the third derivative of 11*w**5/60 - w**3/6 - 5*w**2. Does 10 divide o(1)?
True
Let v be (-1 - -1 - -1)*4. Let b be (1 + (-14)/v)*-2. Let a = 8 - b. Does 2 divide a?
False
Suppose y + 72 = -4*f + 4*y, -y = 2*f + 46. Let w = f - -9. Let i = 3 - w. Is 6 a factor of i?
False
Let y = 216 + -136. Is y a multiple of 8?
True
Let f = 63 - 17. Is f a multiple of 13?
False
Suppose 4*p + 24 = -40. Let q = -9 - p. Is 4 a factor of q?
False
Let m be (5 + -2)*(-1 - 27). Does 21 divide (m/(-16))/((-1)/(-8))?
True
Suppose -3*g = -5*g - 10, 0 = -4*q + g - 67. Let b be q/4*4/(-6). Suppose -2*f - b*f - 8 = -i, 0 = 3*f + 3. Is 2 a factor of i?
False
Suppose 38 = 4*y - 14. Let n = y - 7. Suppose -q - 185 = -n*q. Is 20 a factor of q?
False
Suppose -f - 12 = -2*d + 3*f, -2*f + 34 = 3*d. Does 5 divide d?
True
Let w(o) = 3*o**2 - 3*o - 1. Is w(4) a multiple of 9?
False
Suppose 5*h - m + 1280 = 0, 0 = -4*h - m - 284 - 749. Let n = 137 + h. Is 22 a factor of (8/(-10))/(2/n)?
False
Suppose -s + 12 = -p - 24, -3*p = 3*s - 84. Is s a multiple of 8?
True
Let m(g) = g**2 + 10*g + 14. Let t be m(-10). Suppose -4*i = -t - 26. Does 5 divide i?
True
Let q(k) = k + 38. Is 6 a factor of q(-11)?
False
Suppose -2*q - 62 = -q. Let f = -27 - q. Does 7 divide f?
True
Suppose 4*z = -0*z - o - 8, 9 = -5*z - o. Let t(i) = 3*i**2 + 3*i + 2. Let q be t(-3). Is 9 a factor of q + -4 + (1 - z)?
True
Let i(d) = -4*d - 6. Is i(-5) a multiple of 13?
False
Is 23 a factor of ((-69)/12)/(2/(-8))?
True
Let l be 5 - 0/(-1 + -1). Suppose 2*n + l*r - 1 = 0, -3*n + 2*r + 18 = 4*r. Suppose -n*h + 7*h + 15 = 0. Is h a multiple of 15?
True
Suppose 15 = h - 0*b - b, -4*b = 0. Is 15 a factor of h?
True
Let m(y) = -4*y + 4. Let x be m(-8). Suppose f = -f + x. Is f a multiple of 5?
False
Let a = 191 - -4. Does 39 divide a?
True
Let t(v) = v**2 + 11*v + 10. Let h be t(-10). Suppose -120 = -3*g - h. Does 13 divide g?
False
Let c(l) = l - 1. Let y be c(3). Let z = 8 - y. Is 3 a factor of z?
True
Suppose 4*g - 7*g + 27 = 0. Is 3 a factor of g?
True
Suppose 56 = -0*s + 2*s. Is s a multiple of 10?
False
Suppose -4*g + 10 = -6. Suppose g*h - 84 = -4*q, -q + 3*h + 2 = -23. Is 8 a factor of q?
False
Let p = -27 - -27. Is (p - -5 - 3)*20 a multiple of 10?
True
Let i be (-1 - -2)*(-132)/(-2). Suppose 17*c = 14*c. Suppose c*y = 3*y - i. Does 11 divide y?
True
Suppose 0 = -3*x - 0*x + 9. Suppose -5*h = -4*i + 25 - 99, x*i - 12 = 0. Is h a multiple of 9?
True
Let a(v) = -v**2 - 7*v + 6. Let t be 2/5 + (-186)/(-10). Suppose y - 15 = 2*c, 9*y = 2*c + 4